{"id":239,"date":"2021-08-25T02:16:38","date_gmt":"2021-08-25T02:16:38","guid":{"rendered":"http:\/\/backup.anetafizjotrener.pl\/index.php\/about\/"},"modified":"2025-08-23T18:53:30","modified_gmt":"2025-08-23T18:53:30","slug":"regulamin","status":"publish","type":"page","link":"https:\/\/test.anetafilipczuk.pl\/index.php\/regulamin\/","title":{"rendered":"Regulamin"},"content":{"rendered":"\t\t<div data-elementor-type=\"wp-page\" data-elementor-id=\"239\" class=\"elementor elementor-239\">\n\t\t\t\t\t\t<section class=\"elementor-section elementor-top-section elementor-element elementor-element-fa30a98 elementor-section-boxed elementor-section-height-default elementor-section-height-default\" data-id=\"fa30a98\" data-element_type=\"section\" data-e-type=\"section\">\n\t\t\t\t\t\t<div class=\"elementor-container elementor-column-gap-default\">\n\t\t\t\t\t<div class=\"elementor-column elementor-col-100 elementor-top-column elementor-element elementor-element-89b6e11\" data-id=\"89b6e11\" data-element_type=\"column\" data-e-type=\"column\">\n\t\t\t<div class=\"elementor-widget-wrap elementor-element-populated\">\n\t\t\t\t\t\t<div class=\"elementor-element elementor-element-8b5d601 elementor-widget elementor-widget-heading\" data-id=\"8b5d601\" data-element_type=\"widget\" data-e-type=\"widget\" data-widget_type=\"heading.default\">\n\t\t\t\t<div class=\"elementor-widget-container\">\n\t\t\t\t\t<h2 class=\"elementor-heading-title elementor-size-default\">Regulamin<\/h2>\t\t\t\t<\/div>\n\t\t\t\t<\/div>\n\t\t\t\t<div class=\"elementor-element elementor-element-6a8c77a elementor-widget elementor-widget-heading\" data-id=\"6a8c77a\" data-element_type=\"widget\" data-e-type=\"widget\" data-widget_type=\"heading.default\">\n\t\t\t\t<div class=\"elementor-widget-container\">\n\t\t\t\t\t<h3 class=\"elementor-heading-title elementor-size-default\">Wst\u0119p:<\/h3>\t\t\t\t<\/div>\n\t\t\t\t<\/div>\n\t\t\t\t<div class=\"elementor-element elementor-element-b3712a5 elementor-widget elementor-widget-text-editor\" data-id=\"b3712a5\" data-element_type=\"widget\" data-e-type=\"widget\" data-widget_type=\"text-editor.default\">\n\t\t\t\t<div class=\"elementor-widget-container\">\n\t\t\t\t\t\t\t\t\t<p>Treningi medyczne oraz treningi personalne s\u0105 prowadzone przez mgr fizjoterapii i trenera personalnego, Anet\u0119 Filipczuk.<\/p>\t\t\t\t\t\t\t\t<\/div>\n\t\t\t\t<\/div>\n\t\t\t\t<div class=\"elementor-element elementor-element-de312c8 elementor-widget elementor-widget-heading\" data-id=\"de312c8\" data-element_type=\"widget\" data-e-type=\"widget\" data-widget_type=\"heading.default\">\n\t\t\t\t<div class=\"elementor-widget-container\">\n\t\t\t\t\t<h3 class=\"elementor-heading-title elementor-size-default\">Obowi\u0105zki Klienta:<\/h3>\t\t\t\t<\/div>\n\t\t\t\t<\/div>\n\t\t\t\t<div class=\"elementor-element elementor-element-81e8692 elementor-widget elementor-widget-text-editor\" data-id=\"81e8692\" data-element_type=\"widget\" data-e-type=\"widget\" data-widget_type=\"text-editor.default\">\n\t\t\t\t<div class=\"elementor-widget-container\">\n\t\t\t\t\t\t\t\t\t<ul><li>Klient zobowi\u0105zany jest do informowania Trenera o wszelkich dolegliwo\u015bciach zdrowotnych w celu dostosowania rodzaju \u0107wicze\u0144 oraz ich intensywno\u015bci do stanu zdrowia Klienta.\u00a0<\/li><li>Klientka w ci\u0105\u017cy ma obowi\u0105zek poinformowania Trenera o swoim stanie i dostarczenia za\u015bwiadczenia od lekarza prowadz\u0105cego ci\u0105\u017c\u0119 o braku przeciwwskaza\u0144 do podejmowania aktywno\u015bci fizycznej.\u00a0<\/li><li>Klient powinien by\u0107 punktualny na um\u00f3wiony trening, zaleca si\u0119 przybycie 15 minut wcze\u015bniej celem przygotowania si\u0119 do treningu. Trening trwa 50 minut.<\/li><\/ul>\t\t\t\t\t\t\t\t<\/div>\n\t\t\t\t<\/div>\n\t\t\t\t<div class=\"elementor-element elementor-element-cb8e507 elementor-widget elementor-widget-heading\" data-id=\"cb8e507\" data-element_type=\"widget\" data-e-type=\"widget\" data-widget_type=\"heading.default\">\n\t\t\t\t<div class=\"elementor-widget-container\">\n\t\t\t\t\t<h3 class=\"elementor-heading-title elementor-size-default\">Sp\u00f3\u017anienia:<\/h3>\t\t\t\t<\/div>\n\t\t\t\t<\/div>\n\t\t\t\t<div class=\"elementor-element elementor-element-fef0cdd elementor-widget elementor-widget-text-editor\" data-id=\"fef0cdd\" data-element_type=\"widget\" data-e-type=\"widget\" data-widget_type=\"text-editor.default\">\n\t\t\t\t<div class=\"elementor-widget-container\">\n\t\t\t\t\t\t\t\t\t<ul><li>W przypadku sp\u00f3\u017anienia Klienta, czas sp\u00f3\u017anienia zostanie odliczony od regulaminowego czasu treningu.<\/li><li>W przypadku sp\u00f3\u017anienia Trenera powy\u017cej 15 minut na trening, Klient otrzymuje w kolejnym karnecie jeden trening gratis.\u00a0<\/li><\/ul>\t\t\t\t\t\t\t\t<\/div>\n\t\t\t\t<\/div>\n\t\t\t\t<div class=\"elementor-element elementor-element-277bcc7 elementor-widget elementor-widget-heading\" data-id=\"277bcc7\" data-element_type=\"widget\" data-e-type=\"widget\" data-widget_type=\"heading.default\">\n\t\t\t\t<div class=\"elementor-widget-container\">\n\t\t\t\t\t<h3 class=\"elementor-heading-title elementor-size-default\">Odwo\u0142anie treningu:<\/h3>\t\t\t\t<\/div>\n\t\t\t\t<\/div>\n\t\t\t\t<div class=\"elementor-element elementor-element-4376253 elementor-widget elementor-widget-text-editor\" data-id=\"4376253\" data-element_type=\"widget\" data-e-type=\"widget\" data-widget_type=\"text-editor.default\">\n\t\t\t\t<div class=\"elementor-widget-container\">\n\t\t\t\t\t\t\t\t\t<ul><li>Trening mo\u017ce zosta\u0107 odwo\u0142any bez podania przyczyn z minimum 12-godzinnym wyprzedzeniem zar\u00f3wno przez Klienta, jak i Trenera.\u00a0<\/li><li>Je\u015bli Klient nie zastosuje si\u0119 do powy\u017cszego, trening uznaje si\u0119 za przeprowadzony.\u00a0<\/li><li>W przypadku niezastosowania si\u0119 przez Trenera, umawiany jest nowy termin, a Klient otrzymuje 1 trening gratis w kolejnym karnecie.\u00a0<\/li><li>W przypadku niepojawienia si\u0119 Klienta na treningu, trening uznaje si\u0119 za przeprowadzony.\u00a0<\/li><li>W przypadku niepojawienia si\u0119 Trenera na treningu, Klient otrzymuje w kolejnym karnecie 1 trening gratis.<\/li><\/ul>\t\t\t\t\t\t\t\t<\/div>\n\t\t\t\t<\/div>\n\t\t\t\t<div class=\"elementor-element elementor-element-97fc359 elementor-widget elementor-widget-heading\" data-id=\"97fc359\" data-element_type=\"widget\" data-e-type=\"widget\" data-widget_type=\"heading.default\">\n\t\t\t\t<div class=\"elementor-widget-container\">\n\t\t\t\t\t<h3 class=\"elementor-heading-title elementor-size-default\">Terminy i p\u0142atno\u015bci:<\/h3>\t\t\t\t<\/div>\n\t\t\t\t<\/div>\n\t\t\t\t<div class=\"elementor-element elementor-element-f22494d elementor-widget elementor-widget-text-editor\" data-id=\"f22494d\" data-element_type=\"widget\" data-e-type=\"widget\" data-widget_type=\"text-editor.default\">\n\t\t\t\t<div class=\"elementor-widget-container\">\n\t\t\t\t\t\t\t\t\t<ul><li>Terminy trening\u00f3w s\u0105 ustalane bezpo\u015brednio z Trenerem.\u00a0<\/li><li>P\u0142atno\u015b\u0107 za treningi odbywa si\u0119 got\u00f3wk\u0105 u Trenera i powinna by\u0107 uiszczona z g\u00f3ry, nie p\u00f3\u017aniej ni\u017c w dniu rozpocz\u0119cia pierwszego treningu z karnetu.<\/li><li>Cennik stanowi integraln\u0105 cz\u0119\u015b\u0107 regulaminu. Karnety treningowe s\u0105 wa\u017cne od dnia, w kt\u00f3rym odby\u0142 si\u0119 pierwszy trening.<\/li><li>Niewykorzystane treningi przepadaj\u0105. W razie braku mo\u017cliwo\u015bci wykorzystania karnetu, dopuszcza si\u0119 odsprzedanie lub podarowanie go innej osobie.\u00a0<\/li><li>Cena treningu obejmuje op\u0142at\u0119 za wej\u015bcie na si\u0142owni\u0119.<\/li><\/ul>\t\t\t\t\t\t\t\t<\/div>\n\t\t\t\t<\/div>\n\t\t\t\t<div class=\"elementor-element elementor-element-7894983 elementor-widget elementor-widget-heading\" data-id=\"7894983\" data-element_type=\"widget\" data-e-type=\"widget\" data-widget_type=\"heading.default\">\n\t\t\t\t<div class=\"elementor-widget-container\">\n\t\t\t\t\t<h3 class=\"elementor-heading-title elementor-size-default\">Zasady podczas treningu:<\/h3>\t\t\t\t<\/div>\n\t\t\t\t<\/div>\n\t\t\t\t<div class=\"elementor-element elementor-element-370543a elementor-widget elementor-widget-text-editor\" data-id=\"370543a\" data-element_type=\"widget\" data-e-type=\"widget\" data-widget_type=\"text-editor.default\">\n\t\t\t\t<div class=\"elementor-widget-container\">\n\t\t\t\t\t\t\t\t\t<ul><li>\u00a0Podczas treningu obowi\u0105zuje str\u00f3j i obuwie sportowe.\u00a0<\/li><li>Klient zobowi\u0105zany jest posiada\u0107 r\u0119cznik treningowy oraz wod\u0119 do uzupe\u0142niania p\u0142yn\u00f3w podczas treningu.<\/li><li>W przypadku ujawnienia si\u0119 nietypowych dolegliwo\u015bci Klienta podczas treningu, mo\u017ce by\u0107 poproszony o dodatkow\u0105 konsultacj\u0119 lekarsk\u0105.\u00a0<\/li><li>W szczeg\u00f3lnych przypadkach treningi mog\u0105 zosta\u0107 zawieszone do czasu postawienia przez lekarza diagnozy.<\/li><\/ul>\t\t\t\t\t\t\t\t<\/div>\n\t\t\t\t<\/div>\n\t\t\t\t<div class=\"elementor-element elementor-element-f8e175a elementor-widget elementor-widget-heading\" data-id=\"f8e175a\" data-element_type=\"widget\" data-e-type=\"widget\" data-widget_type=\"heading.default\">\n\t\t\t\t<div class=\"elementor-widget-container\">\n\t\t\t\t\t<h3 class=\"elementor-heading-title elementor-size-default\">Zobowi\u0105zania Trenera i Klienta:<\/h3>\t\t\t\t<\/div>\n\t\t\t\t<\/div>\n\t\t\t\t<div class=\"elementor-element elementor-element-e237bfe elementor-widget elementor-widget-text-editor\" data-id=\"e237bfe\" data-element_type=\"widget\" data-e-type=\"widget\" data-widget_type=\"text-editor.default\">\n\t\t\t\t<div class=\"elementor-widget-container\">\n\t\t\t\t\t\t\t\t\t<ul><li>Zar\u00f3wno Trener, jak i Klient do\u0142o\u017c\u0105 wszelkich stara\u0144, aby cele Klienta zosta\u0142y osi\u0105gni\u0119te.<\/li><\/ul>\t\t\t\t\t\t\t\t<\/div>\n\t\t\t\t<\/div>\n\t\t\t\t\t<\/div>\n\t\t<\/div>\n\t\t\t\t\t<\/div>\n\t\t<\/section>\n\t\t\t\t<\/div>\n\t\t","protected":false},"excerpt":{"rendered":"<p>Regulamin Wst\u0119p: Treningi medyczne oraz treningi personalne s\u0105 prowadzone przez mgr fizjoterapii i trenera personalnego, Anet\u0119 Filipczuk. Obowi\u0105zki Klienta: Klient zobowi\u0105zany jest do informowania Trenera o wszelkich dolegliwo\u015bciach zdrowotnych w celu dostosowania rodzaju \u0107wicze\u0144 oraz ich intensywno\u015bci do stanu zdrowia Klienta.\u00a0 Klientka w ci\u0105\u017cy ma obowi\u0105zek poinformowania Trenera o swoim stanie i dostarczenia za\u015bwiadczenia od [&hellip;]<\/p>\n","protected":false},"author":1,"featured_media":0,"parent":0,"menu_order":0,"comment_status":"closed","ping_status":"closed","template":"","meta":{"site-sidebar-layout":"no-sidebar","site-content-layout":"page-builder","ast-site-content-layout":"default","site-content-style":"default","site-sidebar-style":"default","ast-global-header-display":"","ast-banner-title-visibility":"","ast-main-header-display":"","ast-hfb-above-header-display":"","ast-hfb-below-header-display":"","ast-hfb-mobile-header-display":"","site-post-title":"","ast-breadcrumbs-content":"disabled","ast-featured-img":"disabled","footer-sml-layout":"","ast-disable-related-posts":"","theme-transparent-header-meta":"enabled","adv-header-id-meta":"","stick-header-meta":"","header-above-stick-meta":"","header-main-stick-meta":"","header-below-stick-meta":"","astra-migrate-meta-layouts":"default","ast-page-background-enabled":"default","ast-page-background-meta":{"desktop":{"background-color":"var(--ast-global-color-4)","background-image":"","background-repeat":"repeat","background-position":"center center","background-size":"auto","background-attachment":"scroll","background-type":"","background-media":"","overlay-type":"","overlay-color":"","overlay-opacity":"","overlay-gradient":""},"tablet":{"background-color":"","background-image":"","background-repeat":"repeat","background-position":"center center","background-size":"auto","background-attachment":"scroll","background-type":"","background-media":"","overlay-type":"","overlay-color":"","overlay-opacity":"","overlay-gradient":""},"mobile":{"background-color":"","background-image":"","background-repeat":"repeat","background-position":"center center","background-size":"auto","background-attachment":"scroll","background-type":"","background-media":"","overlay-type":"","overlay-color":"","overlay-opacity":"","overlay-gradient":""}},"ast-content-background-meta":{"desktop":{"background-color":"var(--ast-global-color-5)","background-image":"","background-repeat":"repeat","background-position":"center center","background-size":"auto","background-attachment":"scroll","background-type":"","background-media":"","overlay-type":"","overlay-color":"","overlay-opacity":"","overlay-gradient":""},"tablet":{"background-color":"var(--ast-global-color-5)","background-image":"","background-repeat":"repeat","background-position":"center center","background-size":"auto","background-attachment":"scroll","background-type":"","background-media":"","overlay-type":"","overlay-color":"","overlay-opacity":"","overlay-gradient":""},"mobile":{"background-color":"var(--ast-global-color-5)","background-image":"","background-repeat":"repeat","background-position":"center center","background-size":"auto","background-attachment":"scroll","background-type":"","background-media":"","overlay-type":"","overlay-color":"","overlay-opacity":"","overlay-gradient":""}},"footnotes":""},"class_list":["post-239","page","type-page","status-publish","hentry"],"_links":{"self":[{"href":"https:\/\/test.anetafilipczuk.pl\/index.php\/wp-json\/wp\/v2\/pages\/239","targetHints":{"allow":["GET"]}}],"collection":[{"href":"https:\/\/test.anetafilipczuk.pl\/index.php\/wp-json\/wp\/v2\/pages"}],"about":[{"href":"https:\/\/test.anetafilipczuk.pl\/index.php\/wp-json\/wp\/v2\/types\/page"}],"author":[{"embeddable":true,"href":"https:\/\/test.anetafilipczuk.pl\/index.php\/wp-json\/wp\/v2\/users\/1"}],"replies":[{"embeddable":true,"href":"https:\/\/test.anetafilipczuk.pl\/index.php\/wp-json\/wp\/v2\/comments?post=239"}],"version-history":[{"count":73,"href":"https:\/\/test.anetafilipczuk.pl\/index.php\/wp-json\/wp\/v2\/pages\/239\/revisions"}],"predecessor-version":[{"id":2355,"href":"https:\/\/test.anetafilipczuk.pl\/index.php\/wp-json\/wp\/v2\/pages\/239\/revisions\/2355"}],"wp:attachment":[{"href":"https:\/\/test.anetafilipczuk.pl\/index.php\/wp-json\/wp\/v2\/media?parent=239"}],"curies":[{"name":"wp","href":"https:\/\/api.w.org\/{rel}","templated":true}]}}